1000121
In base 12, what is -a28 + 34?
-9b4
In base 4, what is 1212 - 20022221?
-20021003
In base 13, what is -66c58 + 12?
-66c46
In base 7, what is 330 - -11136?
11466
In base 15, what is 4 + 30e77?
30e7b
In base 4, what is -231 - -32032030?
32031133
In base 2, what is 110 + 10101111010010?
10101111011000
In base 2, what is 101011010001011 + 10011110?
101011100101001
In base 6, what is 123032 - -13?
123045
In base 3, what is 121122222112011 - 0?
121122222112011
In base 6, what is 1 + -2143305?
-2143304
In base 9, what is -1756 + 1?
-1755
In base 10, what is -28 - 42416?
-42444
In base 3, what is 1 + -11112012111?
-11112012110
In base 13, what is -18b - 124?
-2b2
In base 15, what is c589 + 0?
c589
In base 11, what is -16 - 28018?
-28033
In base 16, what is -988 + -5?
-98d
In base 5, what is 2121 - -113?
2234
In base 10, what is -22 - 979?
-1001
In base 13, what is -7 - c168?
-c172
In base 12, what is -34ab + 7?
-34a4
In base 6, what is 1142244 - 0?
1142244
In base 8, what is 10017 + 157?
10176
In base 2, what is -10 + 110001100111110?
110001100111100
In base 7, what is -363 - -3202?
2506
In base 2, what is 100 - 10010100000101?
-10010100000001
In base 6, what is 513 - 12?
501
In base 7, what is -61646 - -14?
-61632
In base 6, what is -1553103 - 5?
-1553112
In base 2, what is -101101 + 10011111110001?
10011111000100
In base 3, what is 2000010 - 102?
1222201
In base 11, what is a67 - -5?
a71
In base 6, what is 31535 - -304?
32243
In base 14, what is 30 - -347d?
34ad
In base 8, what is 33 + -10474?
-10441
In base 12, what is -3224ab + -5?
-3224b4
In base 13, what is 2269 + b1?
234a
In base 7, what is -25 + -140654?
-141012
In base 8, what is -32 + -433?
-465
In base 2, what is 100010101001001 + -11010011?
100010001110110
In base 12, what is -19 - 33b?
-358
In base 5, what is 1331 - -1311?
3142
In base 14, what is 107d52 - -3?
107d55
In base 4, what is 11303 - 230?
11013
In base 15, what is 1 + 1524e7?
1524e8
In base 7, what is -3662 + -122?
-4114
In base 2, what is 100111 + 1010011101011?
1010100010010
In base 7, what is 152021 - 0?
152021
In base 5, what is 10412142 + 4?
10412201
In base 8, what is -4 - 221555?
-221561
In base 8, what is -54377 - -7?
-54370
In base 4, what is -22 + 3102323?
3102301
In base 16, what is -1c - ec?
-108
In base 15, what is -5 - -5028?
5023
In base 2, what is -11100010 - -100110001?
1001111
In base 4, what is 1021 + -313332?
-312311
In base 12, what is -12 + -672b8?
-6730a
In base 9, what is 2065 + 3?
2068
In base 9, what is -128 + -8823?
-10052
In base 13, what is 0 + -1023bc?
-1023bc
In base 3, what is -121020 + 1222?
-112021
In base 4, what is 2202211 - 100?
2202111
In base 10, what is 189 + 1573?
1762
In base 7, what is -111216 + 0?
-111216
In base 9, what is 20354 + 4?
20358
In base 13, what is -1 + 17193?
17192
In base 5, what is 100300 + 2243?
103043
In base 4, what is 102323 - -12122?
121111
In base 7, what is -1 - -314504?
314503
In base 5, what is -3212 + 202?
-3010
In base 6, what is -4 + -114413?
-114421
In base 14, what is -4 + 9d00?
9cda
In base 15, what is 5 + -c248c?
-c2487
In base 6, what is 414222 + 3?
414225
In base 12, what is -3020256 + -3?
-3020259
In base 2, what is -101 + 100110110101100?
100110110100111
In base 12, what is -174 + 5b1?
439
In base 7, what is -4411156 - 13?
-4411202
In base 10, what is 62 + 7012?
7074
In base 9, what is -2 - -62874?
62872
In base 7, what is 0 - -2335054?
2335054
In base 8, what is 13675 - -4?
13701
In base 8, what is -220462 + -1?
-220463
In base 15, what is -d12 + 10c?
-c05
In base 6, what is 14530 + -40?
14450
In base 11, what is 155 - 158?
-3
In base 5, what is 3 + -3244123?
-3244120
In base 10, what is 1110 + -1326?
-216
In base 15, what is -6ae - b?
-6ba
In base 5, what is -33112414 + 3?
-33112411
In base 10, what is -3 - -4815?
4812
In base 12, what is 3 + -191a8?
-191a5
In base 10, what is 4434 + -352?
4082
In base 14, what is -5 + -87966?
-8796b
In base 6, what is -10 - -3404100?
3404050
In base 2, what is 101110110 - 111101000111?
-110111010001
In base 16, what is bed + 27?
c14
In base 2, what is 1010 + -1110111111011111?
-1110111111010101
In base 15, what is -5be - -12?
-5ac
In base 2, what is 101010111 - -1011101?
110110100
In base 5, what is -413 + -301232?
-302200
In base 14, what is 2 + dd7?
dd9
In base 9, what is -81845 + 3?
-81842
In base 8, what is 47134 - 343?
46571
In base 8, what is -30133 + 33?
-30100
In base 5, what is 101042 - 1124?
44413
In base 9, what is 424 + 12?
436
In base 14, what is 73180 + -4?
7317a
In base 16, what is -3 - 516a?
-516d
In base 8, what is -1 - -36610?
36607
In base 13, what is 7 + 485b?
4865
In base 2, what is -101 + -101001001101001001?
-101001001101001110
In base 8, what is 0 - 4402?
-4402
In base 10, what is 2 + 4479?
4481
In base 8, what is 35 + -13654?
-13617
In base 14, what is 5 - -6351b?
63522
In base 9, what is -1 - 25602?
-25603
In base 4, what is -123 + 1312103?
1311320
In base 6, what is -20 - 554421?
-554441
In base 10, what is -80248 - 10?
-80258
In base 12, what is -5748 + 6?
-5742
In base 6, what is 23234 + 24?
23302
In base 7, what is -332066 + -163?
-332262
In base 10, what is -17011 + -1?
-17012
In base 16, what is 3 - 8255?
-8252
In base 4, what is -2330302223 - 11?
-2330302300
In base 4, what is -321 - -31213?
30232
In base 16, what is 2cf - -20?
2ef
In base 14, what is 3863 + 0?
3863
In base 14, what is -2d - -93?
64
In base 8, what is 0 - -145652?
145652
In base 16, what is 3417e - 0?
3417e
In base 13, what is -7 + 898?
891
In base 4, what is 13022220010 - 3?
13022220001
In base 13, what is cbb5 + 14?
cbc9
In base 11, what is -8a610 - 27?
-8a637
In base 2, what is -110 - -1001101111100011110?
1001101111100011000
In base 11, what is 1 + 30a6?
30a7
In base 3, what is 10211 - -1?
10212
In base 9, what is 18 - 5561?
-5542
In base 15, what is -1d2 + 7d?
-154
In base 12, what is 140b + -4?
1407
In base 5, what is -2203342 - 1?
-2203343
In base 12, what is -64 - 71b?
-783
In base 8, what is -107 + 11753?
11644
In base 5, what is 202433 - 3?
202430
In base 2, what is -11 - -111001001001101010?
111001001001100111
In base 2, what is 101111100101110 + -111?
101111100100111
In base 8, what is -153137 - -11?
-153126
In base 10, what is -11688514 - -1?
-11688513
In base 3, what is -210222220000110 - 11?
-210222220000121
In base 11, what is -27a7 - 1a8?
-29a4
In base 9, what is -37 - 23212?
-23250
In base 2, what is 1111 + 1011111111110111?
1100000000000110
In base 5, what is 11 - -4020?
4031
In base 16, what is -992 - 1b?
-9ad
In base 3, what is 0 + 2002000221?
2002000221
In base 15, what is 0 + -6185?
-6185
In base 15, what is -5 + 35b2?
35ac
In base 10, what is 1 + 11166?
11167
In base 15, what is -2eb7 + 2?
-2eb5
In base 5, what is -40 - 122434?
-123024
In base 16, what is 5 - 7e48?
-7e43
In base 14, what is 0 + -104c0?
-104c0
In base 16, what is 133 + 18c?
2bf
In base 3, what is 10 + -2102222122110?
-2102222122100
In base 14, what is -6d7d + 1?
-6d7c
In base 3, what is 1120 - 1200200?
-1122010
In base 10, what is 9372 - 74?
9298
In base 12, what is 43096 + -2?
43094
In base 7, what is 166024 - 12?
166012
In base 7, what is 2234 - 23024?
-20460
In base 16, what is -b - -46a?
45f
In base 15, what is -115 + -68?
-17d
In base 2, what is -10000001111101111000 - 100?
-10000001111101111100
In base 5, what is 0 + -441144?
-441144
In base 6, what is -2323 + 225?
-2054
In base 16, what is 6e64 + 4f?
6eb3
In base 5, what is 11401 + -2243?
4103
In base 4, what is 3 - 1231020?
-1231011
In base 9, what is 86 - 1157?
-1061
In base 6, what is 14535 + 15?
14554
In base 7, what is -13313 + -3?
-13316
In base 3, what is -2200012 + -11?
-2200100
In base 10, what is -128 + -1510?
-1638
In base 7, what is -5 + -64454?
-64462
In base 14, what is -3 - -4466?
4463
In base 6, what is -443 - -343?
-100
In base 2, what is -1001010000 - -11111100?
-101010100
In base 6, what is -33423 + -3?
-33430
In base 14, what is 3 - -98?
9b
In base 2, what is 100110 - 100000110?
-11100000
In base 15, what is 8e44 - 1b?
8e28
In base 11, what is 19 + 7814?
7832
In base 16, what is 1314 - -1b?
132f
In base 10, what is 825 - -34?
859
In base 3, what is -11221002021 + -2?
-11221002100
In base 11, what is 3 + -566a?
-5667
In base 9, what is -8